q(r) = -56*r + 222. Determine q(4).
-2
Let f(r) = 3*r**3 + 539*r**2 - 179*r + 185. Determine f(-180).
5
Let h(j) = 172*j - 3265. Determine h(19).
3
Let y(s) = -s**3 - 6*s**2 + 16*s - 75. Determine y(-10).
165
Let v(g) = -g**2 - 94*g + 831. Give v(8).
15
Let o(w) = -11*w - 831. Give o(-75).
-6
Let b(u) = -u**3 + 56*u**2 - 254*u - 42. Give b(51).
9
Let z(a) = -34*a**2 - 190*a - 105. Determine z(-5).
-5
Let o(a) = 315*a + 3787. Determine o(-12).
7
Let g(r) = -r**3 + 13*r**2 - 18*r + 16. Give g(11).
60
Let u(r) = 2*r**3 - 14*r**2 + 18*r - 99. Determine u(6).
-63
Let r(l) = 5*l**2 + 1870*l + 50026. What is r(-29)?
1
Let q(b) = -2*b**3 - 32*b**2 - 18*b - 206. Calculate q(-16).
82
Let h(f) = -f**2 + 19*f - 62. Give h(16).
-14
Let h(l) = -24*l - 9. Determine h(3).
-81
Let s(r) = -72*r**2 + 4*r + 3. Give s(-2).
-293
Let v(h) = -3*h**2 - 71*h + 49. Determine v(-25).
-51
Let m(n) = -5*n - 161. Give m(9).
-206
Let u(t) = -3*t - 103. What is u(22)?
-169
Let r(p) = -2*p**2 - 55*p - 10. What is r(-27)?
17
Let i(w) = 3*w**2 + 106*w - 411. Calculate i(-38).
-107
Let t(r) = 84*r - 625. What is t(8)?
47
Let u(z) = 81*z + 3391. What is u(-45)?
-254
Let t(x) = x**3 + 9*x**2 + 7*x + 48. What is t(-7)?
97
Let x(h) = h**2 + 554*h + 76245. What is x(-255)?
0
Let u(w) = -w**3 - 6*w**2 + 39*w - 5. Give u(3).
31
Let v(x) = -12*x**3 - 37*x**2 - 37*x - 1. What is v(-1)?
11
Let j(o) = 26*o - 98. What is j(5)?
32
Let l(h) = 10*h**2 + 44*h - 13. Give l(-5).
17
Let m(t) = 11*t + 289. What is m(-27)?
-8
Let f(d) = 3*d**3 - 251*d**2 - 79*d + 41. Determine f(84).
461
Let p(x) = x**3 + 5*x**2 + 4*x + 6. Give p(-6).
-54
Let j(z) = 19*z - 32. Determine j(1).
-13
Let u(m) = -m**3 + 33*m**2 - 128*m + 62. Give u(28).
398
Let v(x) = -x**2 - 65*x + 1686. Give v(20).
-14
Let q(j) = -83*j**2 + 343*j + 2. Calculate q(4).
46
Let h(z) = -2*z**3 + 11*z**2 + 6*z - 4. Give h(4).
68
Let t(f) = 57*f**2 - 30*f + 31. Give t(1).
58
Let t(n) = -n**3 - 2*n**2 + 18*n + 4. Determine t(4).
-20
Let z(t) = t**3 - 41*t**2 + 68*t + 387. Give z(39).
-3
Let z(b) = -213*b - 531. What is z(-3)?
108
Let c(j) = 2*j**2 + j - 155. Determine c(-9).
-2
Let h(u) = -67*u - 1958. Calculate h(-30).
52
Let g(m) = m**3 - 31*m**2 + 41*m + 265. Calculate g(4).
-3
Let p(a) = -9882*a - 29645. What is p(-3)?
1
Let b(q) = -1608*q - 11195. Give b(-7).
61
Let j(f) = -f**3 + 16*f**2 + 48*f + 176. What is j(19)?
5
Let l(z) = 11*z**2 - 201*z + 33. Calculate l(18).
-21
Let v(i) = -2*i**3 - i**2 + 4*i + 5. Give v(-1).
2
Let b(f) = f**3 + 23*f**2 + 76*f - 6. Calculate b(-19).
-6
Let p(y) = -y**3 - 111*y**2 - 92*y + 1939. Determine p(-110).
-41
Let d(g) = 119*g**3 - 2*g**2 - 13*g + 14. What is d(1)?
118
Let h(y) = 28*y + 209. Give h(-10).
-71
Let h(u) = 85*u - 11025. Give h(129).
-60
Let i(w) = 204*w + 190. Calculate i(-1).
-14
Let k(w) = -2*w**2 - 53*w - 145. Give k(-3).
-4
Let l(z) = z**3 - 3*z**2 + 7*z + 43. Determine l(0).
43
Let t(b) = -b**3 - 6*b**2 + 8*b + 11. Determine t(3).
-46
Let i(h) = -134*h + 812. Determine i(6).
8
Let a(v) = v**2 - 22*v - 187. Determine a(30).
53
Let s(r) = 2*r**2 - 74*r + 306. Give s(34).
102
Let a(d) = 3*d**3 + 38*d**2 - 18*d - 75. Determine a(-13).
-10
Let h(m) = m**3 - 7*m**2 + 128*m - 442. Determine h(4).
22
Let a(x) = 6*x**2 + 779*x + 1415. Determine a(-128).
7
Let q(i) = -i**3 - 37*i**2 - 86*i + 168. What is q(-35)?
728
Let w(g) = 2*g**3 + 27*g**2 - 6265*g - 87505. Determine w(-14).
9
Let a(h) = -8*h + 402. Calculate a(41).
74
Let l(q) = -16*q**3 + 372*q**2 - 441*q + 26. Calculate l(22).
4
Let p(x) = -2*x**2 - 103*x + 1448. Determine p(-63).
-1
Let q(d) = -74*d - 346. Calculate q(-5).
24
Let j(i) = -837*i - 1616. Determine j(-2).
58
Let v(m) = -m**2 + 365*m - 16020. Give v(51).
-6
Let j(m) = 28*m**3 + 6*m**2 - 7*m + 2. Determine j(1).
29
Let g(j) = 2*j - 62. Calculate g(85).
108
Let z(t) = -t**3 + 35*t**2 + 17*t - 50. Calculate z(35).
545
Let z(c) = 19*c + 1643. Determine z(-84).
47
Let n(j) = -3*j**2 + 10*j. Determine n(6).
-48
Let v(u) = u**3 - 27*u**2 + 75*u + 30. Determine v(24).
102
Let d(j) = -j**3 + 73*j**2 - 76*j + 368. What is d(72)?
80
Let u(q) = q**2 - 281*q + 1658. Determine u(6).
8
Let r(c) = c**3 - 21*c**2 + 9*c + 191. Give r(20).
-29
Let z(l) = l**3 - 12*l**2 + 17*l + 106. Calculate z(8).
-14
Let v(t) = -7*t**2 + 11*t + 7. Determine v(-5).
-223
Let d(m) = -513*m + 4547. Calculate d(9).
-70
Let d(f) = -f**2 + 40*f + 1370. Calculate d(-22).
6
Let u(p) = -66*p + 3967. Calculate u(60).
7
Let r(g) = -31*g + 59. Calculate r(2).
-3
Let k(v) = v**2 - 38*v + 79. Determine k(27).
-218
Let l(x) = 103*x - 93. Determine l(1).
10
Let j(b) = 2*b**3 + 8*b**2 - 7*b - 35. What is j(-5)?
-50
Let g(n) = -30*n + 3564. Give g(119).
-6
Let f(o) = o**2 - 11*o - 134. Determine f(16).
-54
Let s(o) = o**3 + 12*o**2 + 11*o - 9. Calculate s(-6).
141
Let s(l) = -48*l + 318. Determine s(7).
-18
Let c(q) = 3583*q + 3569. Determine c(-1).
-14
Let r(l) = 272*l + 4632. Determine r(-17).
8
Let v(x) = 2*x**2 + 77*x + 29. Determine v(-35).
-216
Let v(q) = -213*q + 868. Determine v(4).
16
Let r(h) = -1420*h + 11357. Determine r(8).
-3
Let o(m) = -11*m**2 - 15*m + 2. Calculate o(2).
-72
Let s(c) = c**3 + 22*c**2 + 16*c - 24. Calculate s(-21).
81
Let o(b) = 4*b - 116. Calculate o(25).
-16
Let v(o) = o**2 - 1114*o + 3332. What is v(3)?
-1
Let z(s) = 7*s**3 - 7*s**2 - 1. Calculate z(-5).
-1051
Let n(r) = r**3 + 38*r**2 - 71*r + 370. Calculate n(-40).
10
Let w(v) = -4*v**2 - 185*v - 186. What is w(-1)?
-5
Let h(t) = -2*t**3 - 5*t**2 + 5*t - 196. Determine h(-6).
26
Let h(n) = n**2 - 11*n - 4. Calculate h(0).
-4
Let c(j) = j**3 - 184*j**2 + 144*j + 7128. Give c(183).
-9
Let n(g) = -2*g**2 - 1871*g - 20316. What is n(-11)?
23
Let t(u) = u**2 - 26*u - 103. Calculate t(26).
-103
Let n(s) = -14*s**3 - s**2 + 4*s + 1. Determine n(-2).
101
Let x(v) = 64*v + 527. Determine x(-8).
15
Let t(x) = x**3 + 36*x**2 + 263*x - 246. Give t(-11).
-114
Let a(i) = 127*i + 1022. What is a(-8)?
6
Let r(m) = m**2 + 28*m - 18. Give r(-21).
-165
Let l(d) = -12*d**3 - 34*d**2 + 3*d + 14. What is l(-4)?
226
Let q(h) = 583*h + 589. Determine q(-1).
6
Let u(a) = -a**3 - 8*a**2 + 15*a + 64. Calculate u(-9).
10
Let a(m) = -320*m**3 + 2*m**2 + 19*m + 18. What is a(-1)?
321
Let c(o) = 18*o - 94. Calculate c(6).
14
Let q(y) = 21*y**2 - 32*y - 11. What is q(2)?
9
Let p(r) = r**3 + 9*r**2 - 36*r - 265. Determine p(-6).
59
Let v(c) = -c**3 - 56*c**2 + 121*c + 278. Give v(-58).
-12
Let i(n) = -18*n**2 + 4*n + 33. Calculate i(4).
-239
Let s(j) = 3*j**3 + 23*j**2 - 209*j - 22. What is s(-13)?
-9
Let a(d) = 222*d + 27510. Give a(-124).
-18
Let i(z) = -4*z**3 + 9*z**2 + 10*z + 8. Determine i(-4).
368
Let n(q) = 88*q**3 - 2*q**2 - 4*q - 3. Give n(-1).
-89
Let u(f) = -662*f + 7950. Calculate u(12).
6
Let r(l) = -20*l - 1425. Give r(-88).
335
Let v(u) = -411*u - 9035. Give v(-22).
7
Let w(i) = 14*i**3 + 4*i**2. Give w(2).
128
Let p(f) = -6605*f + 99074. Determine p(15).
-1
Let i(f) = 2*f**2 + 104*f - 701. What is i(-58)?
-5
Let w(t) = -5*t**2 - 441*t - 556. Calculate w(-87).
-34
Let p(n) = 135*n + 1065. Determine p(-8).
-15
Let z(k) = -64*k - 630. Calculate z(-10).
10
Let c(q) = -39*q + 862. What is c(22)?
4
Let y(c) = 48*c + 119. What is y(-2)?
23
Let g(a) = 7*a**2 + 106*a - 1068. Give g(7).
17
Let w(h) = -20*h + 258. Give w(13).
-2
Let r(a) = -5*a**3 - 6*a**2 + 22*a - 19. What is r(2)?
-39
Let c(u) = u**2 + 77*u + 14. Give c(0).
14
Let i(g) = -21*g**2 + 14*g - 19. Calculate i(4).
-299
Let u(m) = 14*m**2 - 659*m + 91. Give u(47).
44
Let z(o) = -34*o - 1472. What is z(-41)?
-78
Let w(q) = q**3 + 16*q**2 - 8*q - 112. What is w(-16)?
16
Let q(v) = -82*v - 2354. Determine q(-29).
24
Let f(c) = c**3 + 14*c**2 + 16*c + 14. Give f(-10).
254
Let q(h) = -2*h**3 - h**2 + 68*h + 19. Calculate q(0).
19
Let b(g) = g**2 - 15*g - 2081. What is b(54)?
25
Let v(m) = -3635*m - 21902. Calculate v(-6).
-92
Let y(z) = z**3 + 678*z**2 + 4702*z + 34. What is y(-7)?
-1
Let z(f) = 1262*f - 12597. Give z(10).
23
Let r(f) = -2719*f + 21718. What is r(8)?
-34
Let b(k) = k**2 + 86*k + 174. Calculate b(-84).
6
Let u(b) = -b**3 + 3*b**2 + 165*b - 859. Calculate u(6).
23
Let p(f) = f**3 - 24*f**2 + 125*f + 50. Calculate p(16).
2
Let n(z) = -75*z**2 - 311*z. What is n(-4)?
44
Let t(g) = -g**2 - g + 13